{"id":160,"date":"2024-11-17T12:55:15","date_gmt":"2024-11-17T12:55:15","guid":{"rendered":"https:\/\/vitaleats.pl\/?page_id=160"},"modified":"2024-12-14T14:17:38","modified_gmt":"2024-12-14T14:17:38","slug":"cennik","status":"publish","type":"page","link":"https:\/\/vitaleats.pl\/?page_id=160","title":{"rendered":"Cennik"},"content":{"rendered":"<p>[et_pb_section fb_built=&#8221;1&#8243; _builder_version=&#8221;4.23.1&#8243; _module_preset=&#8221;default&#8221; custom_padding=&#8221;||0px|||&#8221; global_colors_info=&#8221;{}&#8221;][et_pb_row _builder_version=&#8221;4.23.1&#8243; _module_preset=&#8221;default&#8221; global_colors_info=&#8221;{}&#8221;][et_pb_column type=&#8221;4_4&#8243; _builder_version=&#8221;4.23.1&#8243; _module_preset=&#8221;default&#8221; global_colors_info=&#8221;{}&#8221;][et_pb_pricing_tables show_featured_drop_shadow=&#8221;off&#8221; _builder_version=&#8221;4.23.1&#8243; _module_preset=&#8221;default&#8221; background_color=&#8221;#FFFFFF&#8221; global_colors_info=&#8221;{}&#8221; featured_table_background_color__hover_enabled=&#8221;on|desktop&#8221;][et_pb_pricing_table title=&#8221;Pe\u0142en Pakiet GAPS&#8221; subtitle=&#8221; Wytyczmy Drog\u0119 do Uzdrowienia Uk\u0142adu Pokarmowego&#8221; currency=&#8221;z\u0142&#8221; sum=&#8221;500&#8243; button_text=&#8221;Zadzwo\u0144 teraz&#8221; _builder_version=&#8221;4.23.1&#8243; _module_preset=&#8221;default&#8221; currency_frequency_font=&#8221;||||||||&#8221; background_color=&#8221;#FFFFFF&#8221; background_enable_color=&#8221;on&#8221; global_colors_info=&#8221;{}&#8221; sticky_transition=&#8221;on&#8221;]<\/p>\n<p>Masz w\u0105tpliwo\u015bci, czy dieta GAPS mo\u017ce przynie\u015b\u0107 Ci ulg\u0119? A mo\u017ce ju\u017c j\u0105 rozpocz\u0105\u0142e\u015b, ale potrzebujesz wsparcia specjalisty, kt\u00f3ry pomo\u017ce Ci przej\u015b\u0107 przez kolejne etapy? Podczas <strong>indywidualnej konsultacji<\/strong> stworzymy szczeg\u00f3\u0142owy, dopasowany do Twoich potrzeb <strong>plan<\/strong> dzia\u0142ania, by\u015b m\u00f3g\u0142 efektywnie wspiera\u0107 <strong>regeneracj\u0119<\/strong> uk\u0142adu pokarmowego i organizmu.<\/p>\n<p>Podczas sesji om\u00f3wimy Twoje obecne samopoczucie, cele oraz najwa\u017cniejsze kroki wprowadzenia <strong>diety GAPS<\/strong>. W ci\u0105gu tygodnia otrzymasz<strong> raport<\/strong> z jasnymi zaleceniami, kt\u00f3re u\u0142atwi\u0105 Ci przej\u015bcie przez poszczeg\u00f3lne etapy terapii. Nast\u0119pnie przez <strong>6 tygodni<\/strong> mo\u017cesz korzysta\u0107 z wsparcia e-mailowego \u2013 odpowiem na pytania, przeanalizuj\u0119 post\u0119py i wespr\u0119 Ci\u0119 w zmianach.<\/p>\n<p>Spotkajmy si\u0119 <strong>online<\/strong> \u2013 bez wzgl\u0119du na to, gdzie si\u0119 znajdujesz. Przed konsultacj\u0105 otrzymasz <strong>szczeg\u00f3\u0142ow\u0105 ankiet\u0119<\/strong> zdrowotn\u0105, kt\u00f3ra pozwoli mi lepiej pozna\u0107 Tw\u00f3j styl \u017cycia, spos\u00f3b od\u017cywiania i og\u00f3lny stan zdrowia, dzi\u0119ki czemu mog\u0119 jak najlepiej przygotowa\u0107 indywidualne <strong>zalecenia<\/strong>.<\/p>\n<p>Dost\u0119pno\u015b\u0107 online przez Skype, WhatsApp lub Google Meet \u2013 wybierz opcj\u0119, kt\u00f3ra najlepiej Ci odpowiada!<\/p>\n<p>[\/et_pb_pricing_table][et_pb_pricing_table title=&#8221;Konsultacja Dietetyczna&#8221; subtitle=&#8221;Dla poprawy zdrowia i kondycji organizmu&#8221; currency=&#8221;z\u0142&#8221; per=&#8221;Godzin\u0119&#8221; sum=&#8221;200&#8243; button_text=&#8221;Zadzwo\u0144 Teraz&#8221; _builder_version=&#8221;4.23.1&#8243; _module_preset=&#8221;default&#8221; global_colors_info=&#8221;{}&#8221; sticky_transition=&#8221;on&#8221;]<\/p>\n<p>Pe\u0142ny jad\u0142ospis tygodniowy, dostosowany do potrzeb i stylu \u017cycia. <strong>Konsultacja z jad\u0142ospisem na 7 dni \u2013 420 z\u0142<\/strong><\/p>\n<p>Dwutygodniowy plan \u017cywieniowy uwzgl\u0119dniaj\u0105cy bardziej kompleksowe potrzeby i daj\u0105cy wi\u0119cej mo\u017cliwo\u015bci wyboru &#8211; <strong>Konsultacja z jad\u0142ospisem na 14 dni \u2013 500 z\u0142<\/strong><\/p>\n<p>Sesja \u0142\u0105cz\u0105ca wsparcie \u017cywieniowe z elementami psychologii, wspieraj\u0105ca zmian\u0119 nawyk\u00f3w &#8211; <strong>konsultacja psychodietetyczna \u2013 250 z\u0142<\/strong><\/p>\n<p>Regularnie monitorujmy Twoje post\u0119py i dostosowujmy zalecenia &#8211; <strong>Kolejna wizyta \u2013 200 z\u0142<\/strong><\/p>\n<p>Spotkajmy si\u0119 online \u2013 bez wzgl\u0119du na to, gdzie si\u0119 znajdujesz. Przed konsultacj\u0105 otrzymasz szczeg\u00f3\u0142ow\u0105 ankiet\u0119 zdrowotn\u0105, kt\u00f3ra pozwoli mi lepiej pozna\u0107 Tw\u00f3j styl \u017cycia, spos\u00f3b od\u017cywiania i og\u00f3lny stan zdrowia, dzi\u0119ki czemu mog\u0119 jak najlepiej przygotowa\u0107 indywidualne zalecenia.<br \/>Dost\u0119pno\u015b\u0107 online przez Skype, WhatsApp lub Google Meet \u2013 wybierz opcj\u0119, kt\u00f3ra najlepiej Ci odpowiada!<\/p>\n<p>[\/et_pb_pricing_table][\/et_pb_pricing_tables][\/et_pb_column][\/et_pb_row][\/et_pb_section][et_pb_section fb_built=&#8221;1&#8243; _builder_version=&#8221;4.23.1&#8243; _module_preset=&#8221;default&#8221; custom_padding=&#8221;0px|||||&#8221; global_colors_info=&#8221;{}&#8221;][et_pb_row _builder_version=&#8221;4.23.1&#8243; _module_preset=&#8221;default&#8221; global_colors_info=&#8221;{}&#8221;][et_pb_column type=&#8221;4_4&#8243; _builder_version=&#8221;4.23.1&#8243; _module_preset=&#8221;default&#8221; global_colors_info=&#8221;{}&#8221;][et_pb_cta button_url=&#8221;tel:+48790434646&#8243; button_text=&#8221;Zadzwo\u0144 Teraz&#8221; _builder_version=&#8221;4.23.1&#8243; _module_preset=&#8221;default&#8221; body_font_size=&#8221;18px&#8221; custom_button=&#8221;on&#8221; button_text_size=&#8221;24px&#8221; button_border_width=&#8221;5px&#8221; button_border_radius=&#8221;12px&#8221; button_letter_spacing=&#8221;0px&#8221; button_font=&#8221;|600|||||||&#8221; button_icon=&#8221;&#xe090;||divi||400&#8243; link_option_url=&#8221;tel:+48790434646&#8243; global_colors_info=&#8221;{}&#8221;]<\/p>\n<p><strong>Je\u015bli pragniesz poprawi\u0107 swoje zdrowie, zapraszam na indywidualne konsultacje, podczas kt\u00f3rych<\/strong><br \/><strong> dziel\u0119 si\u0119 wiedz\u0105 o tym, jak m\u0105drze wspiera\u0107 zdrowie. Odkryjmy razem, jak dieta mo\u017ce pozytywnie<\/strong><br \/><strong> zmieni\u0107 Twoje \u017cycie!<\/strong><\/p>\n<p>[\/et_pb_cta][\/et_pb_column][\/et_pb_row][\/et_pb_section]<\/p>\n","protected":false},"excerpt":{"rendered":"<p>Masz w\u0105tpliwo\u015bci, czy dieta GAPS mo\u017ce przynie\u015b\u0107 Ci ulg\u0119? A mo\u017ce ju\u017c j\u0105 rozpocz\u0105\u0142e\u015b, ale potrzebujesz wsparcia specjalisty, kt\u00f3ry pomo\u017ce Ci przej\u015b\u0107 przez kolejne etapy? Podczas indywidualnej konsultacji stworzymy szczeg\u00f3\u0142owy, dopasowany do Twoich potrzeb plan dzia\u0142ania, by\u015b m\u00f3g\u0142 efektywnie wspiera\u0107 regeneracj\u0119 uk\u0142adu pokarmowego i organizmu. Podczas sesji om\u00f3wimy Twoje obecne samopoczucie, cele oraz najwa\u017cniejsze kroki [&hellip;]<\/p>\n","protected":false},"author":2,"featured_media":0,"parent":0,"menu_order":0,"comment_status":"closed","ping_status":"closed","template":"","meta":{"_et_pb_use_builder":"on","_et_pb_old_content":"","_et_gb_content_width":"","footnotes":""},"_links":{"self":[{"href":"https:\/\/vitaleats.pl\/index.php?rest_route=\/wp\/v2\/pages\/160"}],"collection":[{"href":"https:\/\/vitaleats.pl\/index.php?rest_route=\/wp\/v2\/pages"}],"about":[{"href":"https:\/\/vitaleats.pl\/index.php?rest_route=\/wp\/v2\/types\/page"}],"author":[{"embeddable":true,"href":"https:\/\/vitaleats.pl\/index.php?rest_route=\/wp\/v2\/users\/2"}],"replies":[{"embeddable":true,"href":"https:\/\/vitaleats.pl\/index.php?rest_route=%2Fwp%2Fv2%2Fcomments&post=160"}],"version-history":[{"count":7,"href":"https:\/\/vitaleats.pl\/index.php?rest_route=\/wp\/v2\/pages\/160\/revisions"}],"predecessor-version":[{"id":196,"href":"https:\/\/vitaleats.pl\/index.php?rest_route=\/wp\/v2\/pages\/160\/revisions\/196"}],"wp:attachment":[{"href":"https:\/\/vitaleats.pl\/index.php?rest_route=%2Fwp%2Fv2%2Fmedia&parent=160"}],"curies":[{"name":"wp","href":"https:\/\/api.w.org\/{rel}","templated":true}]}}